hat is the units digit of x?
1
Let h(a) = -4*a**3 - 12. What is the tens digit of h(-5)?
8
Suppose 2*t - 1335 = -5*z, 5*z + 3*t = 6*z - 284. What is the hundreds digit of z?
2
Suppose 4*c = -4*o + 4, c + 4*o + 7 + 1 = 0. Suppose -10*u = -c*u - 24. What is the units digit of u?
4
Let n(z) = -4*z**3 + z**2 + 6*z + 5. Let g(c) = -c + 1. Let f(w) = -4*g(w) - n(w). What is the hundreds digit of f(4)?
2
Let w = -285 - -527. What is the units digit of w?
2
Suppose 22813 = 18*s - 8057. What is the thousands digit of s?
1
Let m(z) = z**2 - 5*z - 14. Let q be m(7). Suppose -3*y + 89 + 79 = q. What is the units digit of y?
6
Let l be (29 - (0 - -3)) + -1. Let m = -30 + l. Let f = m + 6. What is the units digit of f?
1
Suppose 4*n - 2156 = -2*t - 2*t, 3*t = -4*n + 2156. What is the units digit of n?
9
Suppose 2*q + 39 + 148 = 3*x, 77 = x + 3*q. What is the units digit of x?
5
Let d(g) = -g**3 + 7*g**2 - 8*g + 12. Let o be d(6). Suppose l - 3*l + 5*v = -85, 5*v - 25 = o. What is the units digit of l?
5
What is the hundreds digit of (300 - 0)/5*(-262)/(-6)?
6
What is the units digit of (-56078)/(-154) + (-5)/35?
4
Suppose u + 3*u + 4*i + 180 = 0, -i = -5*u - 231. Let q be (3 - 2) + 11*7. Let y = q + u. What is the units digit of y?
2
Suppose 1230 = 4*t + 158. What is the hundreds digit of t?
2
Let l be 29*(3 - (-4)/1). Let h = l - 23. What is the hundreds digit of h?
1
Suppose 2*i = 4*i + 2. Let q = -34 - -16. Let b = i - q. What is the tens digit of b?
1
Let f(b) = -2*b + 50. Let l be f(22). Suppose -l*n = -1263 - 117. What is the hundreds digit of n?
2
Suppose 3*l - 11 = 10. Suppose -13 = -5*m + l. Suppose -m*s = -5*z + 13 + 16, s = z - 6. What is the units digit of z?
5
Let s be -45*8/10*2. Let y be ((-9)/(-3))/((-3)/s). What is the units digit of 4 - 7/((-28)/y)?
2
Suppose 0 = 4*k - 2*z - 1810, -k - 5*z + 313 = -156. What is the hundreds digit of k?
4
Let i = 27 - 35. Let m(q) = q + 12. Let w be m(i). Suppose w*b + 132 = 7*b. What is the units digit of b?
4
Suppose -4*w + 4*g + 6387 = -313, -w + 5*g + 1659 = 0. What is the units digit of w?
9
Suppose 9 = -3*a, 2*r + a = -0*a + 3. Suppose -354 - 96 = -3*w - 4*o, -r*w + 456 = 2*o. What is the hundreds digit of w?
1
Let l(f) = f**2 - 12*f + 6. Let d be l(12). Suppose 0 = d*r - r - 310. Suppose -13*i = -11*i - r. What is the tens digit of i?
3
Suppose 28897 = 30*f - 8753. What is the tens digit of f?
5
Let z be 5 - 2 - (1 - -281)/(-3). Suppose -z = -2*x + 205. What is the units digit of x?
1
Let n(y) = 9*y + 133. What is the units digit of n(-14)?
7
Suppose -v + 3995 - 1223 = 3*p, -5*p - 3*v + 4616 = 0. What is the tens digit of p?
2
Let g(n) = 17*n. Let u = 40 + -39. What is the units digit of g(u)?
7
Let z(c) = c**3 + 4*c**2 - 5*c - 8. Let o be z(-4). What is the tens digit of (2*87/o)/(8/48)?
8
Let y(f) = 7*f**2 + 13*f - 10. What is the hundreds digit of y(5)?
2
Let s(y) = 2*y**3 - 2*y + 3. Let z be s(2). Let c = -10 + z. What is the tens digit of (-146)/(-4) + c/(-10)?
3
Let d = 1909 + -189. What is the tens digit of d?
2
Suppose -3*w + 5*i - 25 = -0*w, 4*i = 2*w + 18. What is the tens digit of w/(-5) + -4 - -77?
7
Let x = -1331 + 2494. Suppose 2127 = 14*b - x. What is the tens digit of b?
3
Suppose 5*x = 9 + 76. Let v = 14 - x. Let z(s) = -2*s**3 - 4*s**2 - 4*s + 1. What is the tens digit of z(v)?
3
Suppose 4*p + 167 = c - 220, -2*p = -4. What is the units digit of c?
5
Let n be (-2)/(-7) - (-208)/56. Suppose 2*m - 351 = -5*b, -n*b + 65 = -3*b + 3*m. What is the tens digit of b?
7
Suppose 0 = -4*t + 4302 - 146. What is the hundreds digit of t?
0
Suppose 2*d - 5*v = 21, d + 12 = v - 3*v. Let s be (-18)/(-4) - d/(-4). Suppose 3*h - s*h + 21 = 0. What is the units digit of h?
1
Let u(g) = g**2 - 28*g + 272. What is the units digit of u(10)?
2
Let t = -3 - -2. Let p be 1/t - (0 - -1). What is the tens digit of (p/2)/(8/(-248))?
3
Let y(o) = 10*o + 10. Suppose 4*g + 16 = 6*g. Let k be y(g). Suppose -5*w + 150 = -5*r, -58 = -4*w - 3*r + k. What is the tens digit of w?
3
Suppose -4*b + 4003 = 3*y + 2*y, -2*y = -2*b + 2024. What is the units digit of b?
7
Let k = -26 - -24. What is the tens digit of 2*(-10)/k + (9 - 8)?
1
Let l = -84 + 209. What is the tens digit of l?
2
Let i(k) = 2102*k**2 + 12*k - 1. What is the units digit of i(1)?
3
Let o = 15 + -15. Suppose -4*g - 2*h = -3*g - 51, o = 3*g - 4*h - 113. What is the tens digit of g?
4
Let x(l) = 7*l + 6. Let m be x(-2). Let h(c) = -2*c**3 - 15*c**2 + 6*c - 15. What is the units digit of h(m)?
1
Let z(c) = -c**3 - 2*c**2 + 2. Let j be z(-2). Let x be (1 - j)/((-2)/22). Let l(w) = 4*w - 16. What is the units digit of l(x)?
8
Suppose -4*n - 161 = 3*t + 48, t = -5*n - 275. What is the tens digit of (-102)/(-8)*n/(-21)?
3
Let g = -102 + 1568. What is the tens digit of g?
6
Let l(t) = t**3 - 10*t**2 + 10*t - 5. Let i be l(9). Suppose -128 + 20 = -i*b. Suppose x = -n - 0 + 21, 0 = x + 3*n - b. What is the tens digit of x?
1
Suppose 0 = 3*i - 4*i + 741. Suppose i = 8*j - 827. What is the units digit of j?
6
Let a be (-52)/8 + 3 + 1/(-2). What is the units digit of a/6 + 1564*(-3)/(-18)?
0
Let p be (-27)/6*2/(-3). Suppose p*m - m = 66. What is the tens digit of m?
3
Let r = -27 + 25. Let z(x) = -7*x + 9. What is the units digit of z(r)?
3
Suppose 277 = 4*t - 203. What is the units digit of t?
0
Suppose -6*v + 19*v - 39 = 0. Let m = 138 - v. What is the units digit of m?
5
Let r(q) = 2*q + 20. Let w be r(14). Let a(x) = 3*x**3 + x**2 - 3*x + 1. Let l be a(3). Let m = l - w. What is the units digit of m?
4
Let s be ((-21)/15)/((-1)/5). Let y(u) = u + 1. Let c(f) = -3*f - 5. Let g(w) = 2*c(w) + 9*y(w). What is the tens digit of g(s)?
2
Let o = -292 - -888. What is the tens digit of o?
9
Let u(o) = -12*o - 29. Let j be u(14). Let d = 281 + j. What is the tens digit of d?
8
Let w = 11 + -6. Suppose 10 = 6*u - u. Suppose 0*k + 182 = w*y - u*k, -3*y = 2*k - 106. What is the units digit of y?
6
Let j = -19 - -33. Suppose -j*z + 12*z + 108 = 0. What is the tens digit of z?
5
What is the tens digit of (1/(-2))/(3*8/(-4944))?
0
Suppose 2*y - 120 = -3*t, -t - 4*y = -4*t + 102. Let l(p) = -p**3 + 3*p + 2. Let j be l(-2). Let o = j + t. What is the units digit of o?
2
Suppose 4*o + 32 = -4*a, 4*a + 4*o + 2 = 6*a. Let g be (28/35)/((-1)/a). Suppose -2*b + 34 = -4*f, 47 = g*b + 2*f - 3*f. What is the tens digit of b?
1
Let l be 17/(-3)*(10 + -22). Suppose 2*q + 2*q - l = 0. Let x = 57 - q. What is the tens digit of x?
4
Suppose -f + 436 = -546. Suppose 0 = -5*g - 332 + f. Suppose 5*p + 3*t = -0*t + g, 3*t = 5*p - 100. What is the units digit of p?
3
Let c be (3 + 2)*(-4)/(-10). Let d(g) = g**2 + 51 + g**c - 2. What is the tens digit of d(0)?
4
Suppose 2*s = -q + 9, 4 + 11 = -5*q + 5*s. Let v be (3 - (q - -3))*-5. Let m = v - -4. What is the units digit of m?
9
Let x(p) = -p**2 + 24*p + 35. What is the tens digit of x(25)?
1
Let u(b) = -213*b + 2. What is the hundreds digit of u(-1)?
2
What is the tens digit of (0/2 - 7 - -1608)/1?
0
What is the hundreds digit of (-33462)/(-8) - 498/664?
1
Let p(q) = 9 + 0*q - 3*q + 2. What is the units digit of p(-8)?
5
Let r(i) = 5*i**3. Let d be r(1). Let b(a) = a + 8. Let y be b(d). Suppose q = 4 + y. What is the tens digit of q?
1
Let c(v) = v**3 - 7*v**2 - 22*v + 76. What is the hundreds digit of c(15)?
5
Suppose 0 = 29*l + 3971 - 14585. What is the units digit of l?
6
Let n(k) = -k**2 + 36*k - 19. What is the tens digit of n(34)?
4
Let d = -335 + 635. What is the units digit of d?
0
Let m(y) = y**3 + 17*y**2 + 28*y + 50. What is the hundreds digit of m(-14)?
2
Let k = 100 - 58. Suppose 2*j - k = 10. What is the tens digit of j?
2
Let y be 1/(-1)*1 + 5. Let u = y - -54. What is the units digit of u?
8
Let n be (6/(-9)*-31)/(5/420). Suppose 8*x - 22*x + n = 0. What is the tens digit of x?
2
Suppose -14*w = -12*w + 22. Let t be w + 53 - 1*-1. Suppose 0 = -3*y - y + r + 191, 5*r + t = y. What is the tens digit of y?
4
Let j be 1/3 - (-56)/(-24). Let s(p) = 7*p**2 + 5*p + 4 - 7*p**2 + 3*p**2. What is the units digit of s(j)?
6
Let q be (210/(-4))/(-7)*-6. Let j = q + 125. What is the units digit of j?
0
Suppose 600 = 16*r - 14*r. Suppose 0 = 14*p - 9*p - r. What is the units digit of p?
0
Let q(b) be the third derivative of 17*b**5/60 + 5*b**